n base 7, what is 13511154 - 140?
13511014
In base 5, what is 433101342 + 4?
433101401
In base 13, what is 2 + 93c3?
93c5
In base 8, what is -7250013 + 10?
-7250003
In base 8, what is 4 - 56727731?
-56727725
In base 11, what is -77 - 446803?
-44687a
In base 15, what is -1e6b72 + 50?
-1e6b22
In base 14, what is -51adb + -2?
-51add
In base 16, what is 21e - 2f3?
-d5
In base 16, what is -2ce0dd23 - -1?
-2ce0dd22
In base 15, what is 2359e + 2a?
235c9
In base 2, what is -11111 + -10001001001111101101?
-10001001010000001100
In base 3, what is -20 - -12021122000?
12021121210
In base 9, what is -3076 - -2743?
-233
In base 4, what is 1121203111 + 2133?
1121211310
In base 15, what is -2e67 - 513?
-347a
In base 13, what is -83c775 + 72?
-83c703
In base 3, what is -10102202112 - 121110?
-10110100222
In base 3, what is -101221 - 200120112112?
-200120221110
In base 4, what is 22 - -101003212111?
101003212133
In base 4, what is 10131 - -21132300?
21203031
In base 5, what is 324332123 - 240?
324331333
In base 11, what is 2706 + 7532?
a138
In base 5, what is -3314401 - -24031?
-3240320
In base 2, what is -1111001001111111 - -100101?
-1111001001011010
In base 12, what is -25909 + 231?
-25698
In base 12, what is -1 - -681843a2?
681843a1
In base 15, what is 2ee16b - -e?
2ee17a
In base 3, what is -20 - -2212102122012?
2212102121222
In base 16, what is -5 + -6e2c5a?
-6e2c5f
In base 3, what is -10212012220220 + -100?
-10212012221020
In base 2, what is 1100111100010000111101000 + 0?
1100111100010000111101000
In base 15, what is 1 + 18544?
18545
In base 9, what is -7012 - 266?
-7278
In base 13, what is 37 + -1810?
-17a6
In base 8, what is 150 - -5127424?
5127574
In base 2, what is 1101010101100000011 - -11011?
1101010101100011110
In base 9, what is -8562 + -50387?
-60060
In base 3, what is -1 + -2101001001020?
-2101001001021
In base 12, what is 373297 - -1?
373298
In base 11, what is 905a + 1281?
a330
In base 6, what is -1234 + 100043112?
100041434
In base 9, what is -2264 - 26560?
-28834
In base 11, what is 2a - -10281?
10300
In base 3, what is 222011 + -20202111112?
-20201112101
In base 5, what is -141223 - -12322?
-123401
In base 4, what is 133 + 101122110121?
101122110320
In base 4, what is -1123 + 3321310013?
3321302230
In base 7, what is 406 - -11415?
12124
In base 12, what is -646795 + -11?
-6467a6
In base 16, what is a2696 + 1?
a2697
In base 3, what is 122 + 1022022101210?
1022022102102
In base 12, what is -5 - 22507b1?
-22507b6
In base 10, what is 3 - -686309?
686312
In base 16, what is -ba - 33f25?
-33fdf
In base 8, what is -1 - 1510551647?
-1510551650
In base 2, what is 100010 + 100110011010011101?
100110011010111111
In base 12, what is -605 + 48623?
4801a
In base 2, what is 1001110 + 1010011101110100011101?
1010011101110101101011
In base 15, what is 13e4b + -522?
13929
In base 6, what is 220235442 + -1?
220235441
In base 6, what is 2 - -40415114551?
40415114553
In base 15, what is -45 + b188e?
b1849
In base 15, what is -91 + 5e011?
5de70
In base 11, what is 99 + -71676?
-71588
In base 13, what is 23b77397 + -1?
23b77396
In base 8, what is 1314 - -14403?
15717
In base 13, what is -3c37 + -176?
-40b0
In base 14, what is -518d7 + -22?
-51919
In base 12, what is -6011 - 1277?
-7288
In base 10, what is 14319208 - 7?
14319201
In base 12, what is -3 + -4236aa?
-4236b1
In base 10, what is -1033938 + 73?
-1033865
In base 9, what is 5330423 - 65?
5330347
In base 2, what is 110111010011111001100111 - 101?
110111010011111001100010
In base 3, what is -1210121 - -21020101?
12102210
In base 4, what is 11 - 10123321030113?
-10123321030102
In base 11, what is 36aa7a + -116?
36a964
In base 14, what is -15b4 + 70b3d?
6d569
In base 16, what is ab0774 + -5?
ab076f
In base 13, what is 5 - -259c129?
259c131
In base 10, what is 1442 - -1799?
3241
In base 11, what is -3028101 - 23?
-3028124
In base 13, what is -551c32 - a2?
-552004
In base 9, what is 2842583640 + 5?
2842583645
In base 10, what is -280 - 1594?
-1874
In base 4, what is 10 + 11031221220110?
11031221220120
In base 3, what is -2210010000101 - -1021?
-2210002222010
In base 11, what is -72424 - 154?
-72578
In base 9, what is 30456 + 15105?
45562
In base 2, what is -110 - 1011010101010100100?
-1011010101010101010
In base 14, what is -c6d3d545 - -4?
-c6d3d541
In base 15, what is -9d - 13a97?
-13b45
In base 14, what is -33d1 - -2242?
-118d
In base 11, what is -33 + 3766a3?
376670
In base 2, what is -1101100111 + 101110011011111011?
101110001110010100
In base 7, what is -60610513 + -10?
-60610523
In base 12, what is -14 + -34520?
-34534
In base 2, what is -1100111110001 + 100111010010?
-1000000011111
In base 6, what is -5 - 12131555?
-12132004
In base 3, what is 11 + 2011011221110122?
2011011221110210
In base 16, what is -260 + -cd1c4?
-cd424
In base 2, what is 1100010000000100111 - 1001001?
1100001111111011110
In base 5, what is -2442242 - 21121?
-3013413
In base 7, what is 4512 - -60566?
65411
In base 13, what is -1968 + 33?
-1935
In base 2, what is -1010001111001 + 100111011011000?
11101001011111
In base 11, what is 8 - -40644630?
40644638
In base 15, what is 12ee7 - -6c?
13064
In base 2, what is -10001011001011100001111010 - 100?
-10001011001011100001111110
In base 4, what is 1331 - -10321213?
10323210
In base 16, what is -83a + 630?
-20a
In base 9, what is 845 - -32580?
33535
In base 14, what is 8bad - 2778?
6435
In base 2, what is 101110011011100 - -101111101111100?
1011110001011000
In base 5, what is -123 - 344213344?
-344214022
In base 14, what is 8 + 2a4dcc?
2a4dd6
In base 14, what is 141 - d32b?
-d1ca
In base 3, what is -112022210 - 11120012?
-200212222
In base 12, what is -5913920 - 3?
-5913923
In base 15, what is -32367ba + -4?
-32367be
In base 16, what is -21968 + -5b3?
-21f1b
In base 12, what is 5 - -a38505b?
a385064
In base 11, what is 4 + 1749128?
1749131
In base 5, what is -2 - 1034040124?
-1034040131
In base 5, what is -303403 + -302003?
-1110411
In base 16, what is -d - -2aa813?
2aa806
In base 4, what is -11313210 - 23201?
-12003011
In base 4, what is 10 + 213230330113?
213230330123
In base 8, what is 345 - 147062?
-146515
In base 14, what is -21 + -c27ab3?
-c27ad4
In base 12, what is -1009b616 + 2?
-1009b614
In base 15, what is 9d + 3ac280?
3ac32d
In base 15, what is -221a95 + 42?
-221a53
In base 11, what is 51 - -20686?
20727
In base 11, what is 888838 - -1?
888839
In base 14, what is -491 + -4b3a?
-51cb
In base 15, what is 298a6c - 6?
298a66
In base 11, what is -17 - 1844a2?
-184509
In base 2, what is 11001011001 - -101100111110100?
110000001001101
In base 15, what is 2 - -355370e?
3553711
In base 5, what is -10 + -3124143140?
-3124143200
In base 16, what is -1197 + 7cf6?
6b5f
In base 2, what is 10 - 10110011011110001010100000?
-10110011011110001010011110
In base 5, what is 1110011040212 + 1?
1110011040213
In base 5, what is -131234442 - 23?
-131240020
In base 8, what is 334503 - 16?
334465
In base 3, what is 11 + -12012001010112012?
-12012001010112001
In base 6, what is -452432414 + -1?
-452432415
In base 2, what is -101 + -1100011111001001?
-1100011111001110
In base 10, what is -5 + -33789000?
-33789005
In base 6, what is 221133 - 12353?
204340
In base 15, what is d2d5 + 606?
d8db
In base 8, what is -40 + 176655216?
176655156
In base 3, what is 101211011 - -12102022?
121020110
In base 11, what is -38 + 375658?
375620
In base 5, what is -12234434 - 12020?
-12302004
In base 13, what is -626a449 + 3?
-626a446
In base 14, what is -22b214 + 37?
-22b1bb
In base 8, what is -20737715 + 2?
-20737713
In base 14, what is -7 - -5d116?
5d10d
In base 13, what is 3494c7b3 - -3?
3494c7b6
In base 2, what is -11101010011 - 1100101100?
-101001111111
In base 2, what is -100110001 - -1001001000010010001?
1001000111101100000
In base 7, what is -16464 - 22642?
-42436
In base 15, what is -199d70d7 - -1?
-199d70d6
In base 12, what is -3a331 + -755?
-3aa86
In base 8, what is -61535754 + 42?
-61535712
In base 5, what is -3403403 + -2402?
-3411310
In base 7, what is 104365225 + 16?
104365244
In base 4, what is -32310021222 + 12?
-32310021210
In base 10, what is 26093 - 6?
26087
In base 4, what is 10203210 + -3231?
10133313
In base 5, what is -12 - -424114114024?
424114114012
In base 10, what is 24793225 + -1?
24793224
In ba